{"id":199,"date":"2025-01-19T23:29:18","date_gmt":"2025-01-19T22:29:18","guid":{"rendered":"https:\/\/brocov.com\/?page_id=199"},"modified":"2025-01-30T23:12:51","modified_gmt":"2025-01-30T22:12:51","slug":"presentation-brocov","status":"publish","type":"page","link":"https:\/\/brocov.com\/index.php\/presentation-brocov\/","title":{"rendered":"Pr\u00e9sentation"},"content":{"rendered":"\t\t<div data-elementor-type=\"wp-page\" data-elementor-id=\"199\" class=\"elementor elementor-199\">\n\t\t\t\t<div class=\"elementor-element elementor-element-4988513 e-flex e-con-boxed e-con e-parent\" data-id=\"4988513\" data-element_type=\"container\" data-settings=\"{&quot;background_background&quot;:&quot;slideshow&quot;,&quot;background_slideshow_gallery&quot;:[{&quot;id&quot;:69,&quot;url&quot;:&quot;http:\\\/\\\/brocov.com\\\/wp-content\\\/uploads\\\/2025\\\/01\\\/Motif-hexagones-pers-basse-def-3-scaled.jpg&quot;},{&quot;id&quot;:114,&quot;url&quot;:&quot;http:\\\/\\\/brocov.com\\\/wp-content\\\/uploads\\\/2025\\\/01\\\/fond-couleur-scaled.jpg&quot;}],&quot;background_slideshow_ken_burns&quot;:&quot;yes&quot;,&quot;background_slideshow_loop&quot;:&quot;yes&quot;,&quot;background_slideshow_slide_duration&quot;:5000,&quot;background_slideshow_slide_transition&quot;:&quot;fade&quot;,&quot;background_slideshow_transition_duration&quot;:500,&quot;background_slideshow_ken_burns_zoom_direction&quot;:&quot;in&quot;}\">\n\t\t\t\t\t<div class=\"e-con-inner\">\n\t\t\t\t\t<\/div>\n\t\t\t\t<\/div>\n\t\t<div class=\"elementor-element elementor-element-78d7bf8 e-con-full e-flex e-con e-parent\" data-id=\"78d7bf8\" data-element_type=\"container\" data-settings=\"{&quot;background_background&quot;:&quot;classic&quot;}\">\n\t\t\t\t<div class=\"elementor-element elementor-element-0cb571a elementor-widget__width-inherit elementor-widget elementor-widget-heading\" data-id=\"0cb571a\" data-element_type=\"widget\" data-widget_type=\"heading.default\">\n\t\t\t\t<div class=\"elementor-widget-container\">\n\t\t\t\t\t<h2 class=\"elementor-heading-title elementor-size-default\">Pr\u00e9sentation<\/h2>\t\t\t\t<\/div>\n\t\t\t\t<\/div>\n\t\t\t\t<\/div>\n\t\t<div class=\"elementor-element elementor-element-c9583e2 e-flex e-con-boxed e-con e-parent\" data-id=\"c9583e2\" data-element_type=\"container\">\n\t\t\t\t\t<div class=\"e-con-inner\">\n\t\t\t\t<div class=\"elementor-element elementor-element-5a8f0ab elementor-widget elementor-widget-text-editor\" data-id=\"5a8f0ab\" data-element_type=\"widget\" data-widget_type=\"text-editor.default\">\n\t\t\t\t<div class=\"elementor-widget-container\">\n\t\t\t\t\t\t\t\t\t<p><strong>Brocov<\/strong>, c&rsquo;est l&rsquo;histoire de deux fr\u00e8res passionn\u00e9s par le domaine de l&rsquo;automobile qui allient leur comp\u00e9tences pour vous proposer un service unique de d\u00e9coration de v\u00e9hicules.<\/p><p>Nous nous adressons autant aux entreprises qui veulent personnaliser leur v\u00e9hicules professionnels, ou ceux de leurs clients, qu\u2019aux particuliers qui souhaitent donner un coup de baguette magique \u00e0 leur moyen de locomotion.<\/p>\t\t\t\t\t\t\t\t<\/div>\n\t\t\t\t<\/div>\n\t\t\t\t\t<\/div>\n\t\t\t\t<\/div>\n\t\t<div class=\"elementor-element elementor-element-7e441d1 e-flex e-con-boxed e-con e-parent\" data-id=\"7e441d1\" data-element_type=\"container\">\n\t\t\t\t\t<div class=\"e-con-inner\">\n\t\t\t\t<div class=\"elementor-element elementor-element-710a1a5 elementor-arrows-position-inside elementor-pagination-position-outside elementor-widget elementor-widget-image-carousel\" data-id=\"710a1a5\" data-element_type=\"widget\" data-settings=\"{&quot;navigation&quot;:&quot;both&quot;,&quot;autoplay&quot;:&quot;yes&quot;,&quot;pause_on_hover&quot;:&quot;yes&quot;,&quot;pause_on_interaction&quot;:&quot;yes&quot;,&quot;autoplay_speed&quot;:5000,&quot;infinite&quot;:&quot;yes&quot;,&quot;speed&quot;:500}\" data-widget_type=\"image-carousel.default\">\n\t\t\t\t<div class=\"elementor-widget-container\">\n\t\t\t\t\t\t\t<div class=\"elementor-image-carousel-wrapper swiper\" role=\"region\" aria-roledescription=\"carousel\" aria-label=\"Carrousel d\u2019images\" dir=\"rtl\">\n\t\t\t<div class=\"elementor-image-carousel swiper-wrapper\" aria-live=\"off\">\n\t\t\t\t\t\t\t\t<div class=\"swiper-slide\" role=\"group\" aria-roledescription=\"slide\" aria-label=\"1 sur 5\"><figure class=\"swiper-slide-inner\"><img decoding=\"async\" class=\"swiper-slide-image\" src=\"https:\/\/brocov.com\/wp-content\/uploads\/2025\/01\/covering-1-300x225.jpg\" alt=\"covering-1\" \/><\/figure><\/div><div class=\"swiper-slide\" role=\"group\" aria-roledescription=\"slide\" aria-label=\"2 sur 5\"><figure class=\"swiper-slide-inner\"><img decoding=\"async\" class=\"swiper-slide-image\" src=\"https:\/\/brocov.com\/wp-content\/uploads\/2025\/01\/covering-2-300x225.jpg\" alt=\"covering-2\" \/><\/figure><\/div><div class=\"swiper-slide\" role=\"group\" aria-roledescription=\"slide\" aria-label=\"3 sur 5\"><figure class=\"swiper-slide-inner\"><img decoding=\"async\" class=\"swiper-slide-image\" src=\"https:\/\/brocov.com\/wp-content\/uploads\/2025\/01\/covering-4-300x225.jpg\" alt=\"covering-4\" \/><\/figure><\/div><div class=\"swiper-slide\" role=\"group\" aria-roledescription=\"slide\" aria-label=\"4 sur 5\"><figure class=\"swiper-slide-inner\"><img decoding=\"async\" class=\"swiper-slide-image\" src=\"https:\/\/brocov.com\/wp-content\/uploads\/2025\/01\/imprimerie-300x225.jpg\" alt=\"imprimerie\" \/><\/figure><\/div><div class=\"swiper-slide\" role=\"group\" aria-roledescription=\"slide\" aria-label=\"5 sur 5\"><figure class=\"swiper-slide-inner\"><img decoding=\"async\" class=\"swiper-slide-image\" src=\"https:\/\/brocov.com\/wp-content\/uploads\/2025\/01\/vitres-300x225.jpg\" alt=\"vitres\" \/><\/figure><\/div>\t\t\t<\/div>\n\t\t\t\t\t\t\t\t\t\t\t\t<div class=\"elementor-swiper-button elementor-swiper-button-prev\" role=\"button\" tabindex=\"0\">\n\t\t\t\t\t\t<svg aria-hidden=\"true\" class=\"e-font-icon-svg e-eicon-chevron-left\" viewBox=\"0 0 1000 1000\" xmlns=\"http:\/\/www.w3.org\/2000\/svg\"><path d=\"M646 125C629 125 613 133 604 142L308 442C296 454 292 471 292 487 292 504 296 521 308 533L604 854C617 867 629 875 646 875 663 875 679 871 692 858 704 846 713 829 713 812 713 796 708 779 692 767L438 487 692 225C700 217 708 204 708 187 708 171 704 154 692 142 675 129 663 125 646 125Z\"><\/path><\/svg>\t\t\t\t\t<\/div>\n\t\t\t\t\t<div class=\"elementor-swiper-button elementor-swiper-button-next\" role=\"button\" tabindex=\"0\">\n\t\t\t\t\t\t<svg aria-hidden=\"true\" class=\"e-font-icon-svg e-eicon-chevron-right\" viewBox=\"0 0 1000 1000\" xmlns=\"http:\/\/www.w3.org\/2000\/svg\"><path d=\"M696 533C708 521 713 504 713 487 713 471 708 454 696 446L400 146C388 133 375 125 354 125 338 125 325 129 313 142 300 154 292 171 292 187 292 204 296 221 308 233L563 492 304 771C292 783 288 800 288 817 288 833 296 850 308 863 321 871 338 875 354 875 371 875 388 867 400 854L696 533Z\"><\/path><\/svg>\t\t\t\t\t<\/div>\n\t\t\t\t\n\t\t\t\t\t\t\t\t\t<div class=\"swiper-pagination\"><\/div>\n\t\t\t\t\t\t\t\t\t<\/div>\n\t\t\t\t\t\t<\/div>\n\t\t\t\t<\/div>\n\t\t\t\t\t<\/div>\n\t\t\t\t<\/div>\n\t\t\t\t<\/div>\n\t\t","protected":false},"excerpt":{"rendered":"<p>Pr\u00e9sentation Brocov, c&rsquo;est l&rsquo;histoire de deux fr\u00e8res passionn\u00e9s par le domaine de l&rsquo;automobile qui allient leur comp\u00e9tences pour vous proposer [&hellip;]<\/p>\n","protected":false},"author":1,"featured_media":0,"parent":0,"menu_order":0,"comment_status":"closed","ping_status":"closed","template":"","meta":{"site-sidebar-layout":"no-sidebar","site-content-layout":"","ast-site-content-layout":"full-width-container","site-content-style":"default","site-sidebar-style":"default","ast-global-header-display":"","ast-banner-title-visibility":"","ast-main-header-display":"","ast-hfb-above-header-display":"","ast-hfb-below-header-display":"","ast-hfb-mobile-header-display":"","site-post-title":"disabled","ast-breadcrumbs-content":"","ast-featured-img":"disabled","footer-sml-layout":"","theme-transparent-header-meta":"","adv-header-id-meta":"","stick-header-meta":"","header-above-stick-meta":"","header-main-stick-meta":"","header-below-stick-meta":"","astra-migrate-meta-layouts":"default","ast-page-background-enabled":"default","ast-page-background-meta":{"desktop":{"background-color":"var(--ast-global-color-5)","background-image":"","background-repeat":"repeat","background-position":"center center","background-size":"auto","background-attachment":"scroll","background-type":"","background-media":"","overlay-type":"","overlay-color":"","overlay-opacity":"","overlay-gradient":""},"tablet":{"background-color":"","background-image":"","background-repeat":"repeat","background-position":"center center","background-size":"auto","background-attachment":"scroll","background-type":"","background-media":"","overlay-type":"","overlay-color":"","overlay-opacity":"","overlay-gradient":""},"mobile":{"background-color":"","background-image":"","background-repeat":"repeat","background-position":"center center","background-size":"auto","background-attachment":"scroll","background-type":"","background-media":"","overlay-type":"","overlay-color":"","overlay-opacity":"","overlay-gradient":""}},"ast-content-background-meta":{"desktop":{"background-color":"var(--ast-global-color-4)","background-image":"","background-repeat":"repeat","background-position":"center center","background-size":"auto","background-attachment":"scroll","background-type":"","background-media":"","overlay-type":"","overlay-color":"","overlay-opacity":"","overlay-gradient":""},"tablet":{"background-color":"var(--ast-global-color-4)","background-image":"","background-repeat":"repeat","background-position":"center center","background-size":"auto","background-attachment":"scroll","background-type":"","background-media":"","overlay-type":"","overlay-color":"","overlay-opacity":"","overlay-gradient":""},"mobile":{"background-color":"var(--ast-global-color-4)","background-image":"","background-repeat":"repeat","background-position":"center center","background-size":"auto","background-attachment":"scroll","background-type":"","background-media":"","overlay-type":"","overlay-color":"","overlay-opacity":"","overlay-gradient":""}},"footnotes":""},"class_list":["post-199","page","type-page","status-publish","hentry"],"yoast_head":"<!-- This site is optimized with the Yoast SEO plugin v24.5 - https:\/\/yoast.com\/wordpress\/plugins\/seo\/ -->\n<title>Pr\u00e9sentation - Brocov<\/title>\n<meta name=\"description\" content=\"Pr\u00e9sentation Brocov, covering de vehicules \u00e0 Antibes. Nous allions nos comp\u00e9tences \u00e0 votre imagination pour transformer vos v\u00e9hicules.\" \/>\n<meta name=\"robots\" content=\"index, follow, max-snippet:-1, max-image-preview:large, max-video-preview:-1\" \/>\n<link rel=\"canonical\" href=\"https:\/\/brocov.com\/index.php\/presentation-brocov\/\" \/>\n<meta property=\"og:locale\" content=\"fr_FR\" \/>\n<meta property=\"og:type\" content=\"article\" \/>\n<meta property=\"og:title\" content=\"Pr\u00e9sentation - Brocov\" \/>\n<meta property=\"og:description\" content=\"Pr\u00e9sentation Brocov, covering de vehicules \u00e0 Antibes. Nous allions nos comp\u00e9tences \u00e0 votre imagination pour transformer vos v\u00e9hicules.\" \/>\n<meta property=\"og:url\" content=\"https:\/\/brocov.com\/index.php\/presentation-brocov\/\" \/>\n<meta property=\"og:site_name\" content=\"Brocov\" \/>\n<meta property=\"article:publisher\" content=\"https:\/\/www.facebook.com\/profile.php?id=61572047592454\" \/>\n<meta property=\"article:modified_time\" content=\"2025-01-30T22:12:51+00:00\" \/>\n<meta property=\"og:image\" content=\"http:\/\/brocov.com\/wp-content\/uploads\/2025\/01\/covering-1-300x225.jpg\" \/>\n<meta name=\"twitter:card\" content=\"summary_large_image\" \/>\n<meta name=\"twitter:label1\" content=\"Dur\u00e9e de lecture estim\u00e9e\" \/>\n\t<meta name=\"twitter:data1\" content=\"2 minutes\" \/>\n<script type=\"application\/ld+json\" class=\"yoast-schema-graph\">{\"@context\":\"https:\/\/schema.org\",\"@graph\":[{\"@type\":\"WebPage\",\"@id\":\"https:\/\/brocov.com\/index.php\/presentation-brocov\/\",\"url\":\"https:\/\/brocov.com\/index.php\/presentation-brocov\/\",\"name\":\"Pr\u00e9sentation - Brocov\",\"isPartOf\":{\"@id\":\"https:\/\/brocov.com\/#website\"},\"primaryImageOfPage\":{\"@id\":\"https:\/\/brocov.com\/index.php\/presentation-brocov\/#primaryimage\"},\"image\":{\"@id\":\"https:\/\/brocov.com\/index.php\/presentation-brocov\/#primaryimage\"},\"thumbnailUrl\":\"http:\/\/brocov.com\/wp-content\/uploads\/2025\/01\/covering-1-300x225.jpg\",\"datePublished\":\"2025-01-19T22:29:18+00:00\",\"dateModified\":\"2025-01-30T22:12:51+00:00\",\"description\":\"Pr\u00e9sentation Brocov, covering de vehicules \u00e0 Antibes. Nous allions nos comp\u00e9tences \u00e0 votre imagination pour transformer vos v\u00e9hicules.\",\"breadcrumb\":{\"@id\":\"https:\/\/brocov.com\/index.php\/presentation-brocov\/#breadcrumb\"},\"inLanguage\":\"fr-FR\",\"potentialAction\":[{\"@type\":\"ReadAction\",\"target\":[\"https:\/\/brocov.com\/index.php\/presentation-brocov\/\"]}]},{\"@type\":\"ImageObject\",\"inLanguage\":\"fr-FR\",\"@id\":\"https:\/\/brocov.com\/index.php\/presentation-brocov\/#primaryimage\",\"url\":\"http:\/\/brocov.com\/wp-content\/uploads\/2025\/01\/covering-1-300x225.jpg\",\"contentUrl\":\"http:\/\/brocov.com\/wp-content\/uploads\/2025\/01\/covering-1-300x225.jpg\"},{\"@type\":\"BreadcrumbList\",\"@id\":\"https:\/\/brocov.com\/index.php\/presentation-brocov\/#breadcrumb\",\"itemListElement\":[{\"@type\":\"ListItem\",\"position\":1,\"name\":\"Accueil\",\"item\":\"https:\/\/brocov.com\/\"},{\"@type\":\"ListItem\",\"position\":2,\"name\":\"Pr\u00e9sentation\"}]},{\"@type\":\"WebSite\",\"@id\":\"https:\/\/brocov.com\/#website\",\"url\":\"https:\/\/brocov.com\/\",\"name\":\"brocov\",\"description\":\"Covering de v\u00e9hicule\",\"publisher\":{\"@id\":\"https:\/\/brocov.com\/#organization\"},\"potentialAction\":[{\"@type\":\"SearchAction\",\"target\":{\"@type\":\"EntryPoint\",\"urlTemplate\":\"https:\/\/brocov.com\/?s={search_term_string}\"},\"query-input\":{\"@type\":\"PropertyValueSpecification\",\"valueRequired\":true,\"valueName\":\"search_term_string\"}}],\"inLanguage\":\"fr-FR\"},{\"@type\":\"Organization\",\"@id\":\"https:\/\/brocov.com\/#organization\",\"name\":\"Brocov\",\"alternateName\":\"Covering de vehicule\",\"url\":\"https:\/\/brocov.com\/\",\"logo\":{\"@type\":\"ImageObject\",\"inLanguage\":\"fr-FR\",\"@id\":\"https:\/\/brocov.com\/#\/schema\/logo\/image\/\",\"url\":\"https:\/\/brocov.com\/wp-content\/uploads\/2025\/01\/cropped-Logo-brocov.png\",\"contentUrl\":\"https:\/\/brocov.com\/wp-content\/uploads\/2025\/01\/cropped-Logo-brocov.png\",\"width\":1031,\"height\":531,\"caption\":\"Brocov\"},\"image\":{\"@id\":\"https:\/\/brocov.com\/#\/schema\/logo\/image\/\"},\"sameAs\":[\"https:\/\/www.facebook.com\/profile.php?id=61572047592454\"]}]}<\/script>\n<!-- \/ Yoast SEO plugin. -->","yoast_head_json":{"title":"Pr\u00e9sentation - Brocov","description":"Pr\u00e9sentation Brocov, covering de vehicules \u00e0 Antibes. Nous allions nos comp\u00e9tences \u00e0 votre imagination pour transformer vos v\u00e9hicules.","robots":{"index":"index","follow":"follow","max-snippet":"max-snippet:-1","max-image-preview":"max-image-preview:large","max-video-preview":"max-video-preview:-1"},"canonical":"https:\/\/brocov.com\/index.php\/presentation-brocov\/","og_locale":"fr_FR","og_type":"article","og_title":"Pr\u00e9sentation - Brocov","og_description":"Pr\u00e9sentation Brocov, covering de vehicules \u00e0 Antibes. Nous allions nos comp\u00e9tences \u00e0 votre imagination pour transformer vos v\u00e9hicules.","og_url":"https:\/\/brocov.com\/index.php\/presentation-brocov\/","og_site_name":"Brocov","article_publisher":"https:\/\/www.facebook.com\/profile.php?id=61572047592454","article_modified_time":"2025-01-30T22:12:51+00:00","og_image":[{"url":"http:\/\/brocov.com\/wp-content\/uploads\/2025\/01\/covering-1-300x225.jpg","type":"","width":"","height":""}],"twitter_card":"summary_large_image","twitter_misc":{"Dur\u00e9e de lecture estim\u00e9e":"2 minutes"},"schema":{"@context":"https:\/\/schema.org","@graph":[{"@type":"WebPage","@id":"https:\/\/brocov.com\/index.php\/presentation-brocov\/","url":"https:\/\/brocov.com\/index.php\/presentation-brocov\/","name":"Pr\u00e9sentation - Brocov","isPartOf":{"@id":"https:\/\/brocov.com\/#website"},"primaryImageOfPage":{"@id":"https:\/\/brocov.com\/index.php\/presentation-brocov\/#primaryimage"},"image":{"@id":"https:\/\/brocov.com\/index.php\/presentation-brocov\/#primaryimage"},"thumbnailUrl":"http:\/\/brocov.com\/wp-content\/uploads\/2025\/01\/covering-1-300x225.jpg","datePublished":"2025-01-19T22:29:18+00:00","dateModified":"2025-01-30T22:12:51+00:00","description":"Pr\u00e9sentation Brocov, covering de vehicules \u00e0 Antibes. Nous allions nos comp\u00e9tences \u00e0 votre imagination pour transformer vos v\u00e9hicules.","breadcrumb":{"@id":"https:\/\/brocov.com\/index.php\/presentation-brocov\/#breadcrumb"},"inLanguage":"fr-FR","potentialAction":[{"@type":"ReadAction","target":["https:\/\/brocov.com\/index.php\/presentation-brocov\/"]}]},{"@type":"ImageObject","inLanguage":"fr-FR","@id":"https:\/\/brocov.com\/index.php\/presentation-brocov\/#primaryimage","url":"http:\/\/brocov.com\/wp-content\/uploads\/2025\/01\/covering-1-300x225.jpg","contentUrl":"http:\/\/brocov.com\/wp-content\/uploads\/2025\/01\/covering-1-300x225.jpg"},{"@type":"BreadcrumbList","@id":"https:\/\/brocov.com\/index.php\/presentation-brocov\/#breadcrumb","itemListElement":[{"@type":"ListItem","position":1,"name":"Accueil","item":"https:\/\/brocov.com\/"},{"@type":"ListItem","position":2,"name":"Pr\u00e9sentation"}]},{"@type":"WebSite","@id":"https:\/\/brocov.com\/#website","url":"https:\/\/brocov.com\/","name":"brocov","description":"Covering de v\u00e9hicule","publisher":{"@id":"https:\/\/brocov.com\/#organization"},"potentialAction":[{"@type":"SearchAction","target":{"@type":"EntryPoint","urlTemplate":"https:\/\/brocov.com\/?s={search_term_string}"},"query-input":{"@type":"PropertyValueSpecification","valueRequired":true,"valueName":"search_term_string"}}],"inLanguage":"fr-FR"},{"@type":"Organization","@id":"https:\/\/brocov.com\/#organization","name":"Brocov","alternateName":"Covering de vehicule","url":"https:\/\/brocov.com\/","logo":{"@type":"ImageObject","inLanguage":"fr-FR","@id":"https:\/\/brocov.com\/#\/schema\/logo\/image\/","url":"https:\/\/brocov.com\/wp-content\/uploads\/2025\/01\/cropped-Logo-brocov.png","contentUrl":"https:\/\/brocov.com\/wp-content\/uploads\/2025\/01\/cropped-Logo-brocov.png","width":1031,"height":531,"caption":"Brocov"},"image":{"@id":"https:\/\/brocov.com\/#\/schema\/logo\/image\/"},"sameAs":["https:\/\/www.facebook.com\/profile.php?id=61572047592454"]}]}},"_links":{"self":[{"href":"https:\/\/brocov.com\/index.php\/wp-json\/wp\/v2\/pages\/199","targetHints":{"allow":["GET"]}}],"collection":[{"href":"https:\/\/brocov.com\/index.php\/wp-json\/wp\/v2\/pages"}],"about":[{"href":"https:\/\/brocov.com\/index.php\/wp-json\/wp\/v2\/types\/page"}],"author":[{"embeddable":true,"href":"https:\/\/brocov.com\/index.php\/wp-json\/wp\/v2\/users\/1"}],"replies":[{"embeddable":true,"href":"https:\/\/brocov.com\/index.php\/wp-json\/wp\/v2\/comments?post=199"}],"version-history":[{"count":25,"href":"https:\/\/brocov.com\/index.php\/wp-json\/wp\/v2\/pages\/199\/revisions"}],"predecessor-version":[{"id":446,"href":"https:\/\/brocov.com\/index.php\/wp-json\/wp\/v2\/pages\/199\/revisions\/446"}],"wp:attachment":[{"href":"https:\/\/brocov.com\/index.php\/wp-json\/wp\/v2\/media?parent=199"}],"curies":[{"name":"wp","href":"https:\/\/api.w.org\/{rel}","templated":true}]}}